-0*u + 4*u - 5, -5*o + 13 = 4*u. Suppose -u*j + t = 2*j. Is j a prime number?
False
Let c(z) = -19*z - 11. Let m(x) = 2*x - 3. Let q be m(-8). Let k = q + 9. Is c(k) a composite number?
False
Is ((-130)/(-4))/(2/4) a composite number?
True
Is -2333*(3 - (1 + 3)) composite?
False
Suppose -2*q + 8 = 2. Suppose -5*m = -q*g - g + 11, -4*g = -2*m - 14. Suppose -l = g*l - 65. Is l prime?
True
Let h(s) = s**2 + 4*s - 5. Let j be h(-6). Let o(p) = 4 + p + 8 - 3 + p. Is o(j) composite?
False
Let s = -619 + 1730. Is s a composite number?
True
Suppose -30 = -5*n - 5*l, 0 = 2*n - 5*l - 0*l - 12. Suppose 0 = q - n*q - 30. Is q/(-3)*-1 + 51 composite?
True
Suppose 5*q = -4*x + 63, 2*x = -0*q + 4*q - 66. Let v = 10 - 6. Suppose v + q = g. Is g composite?
False
Let n(g) = -2*g**3 - 3*g**2 + 2*g - 3. Let c be n(2). Let a = c + 322. Is a composite?
True
Suppose 647 = 2*q - 593. Suppose 2772 = -4*r - q. Is (14/8)/((-4)/r) a prime number?
False
Suppose 11*s - 5*s = 28926. Is s a prime number?
False
Let q = 494 + 295. Is q a prime number?
False
Let o = 36 + 34. Suppose -3*g - 4*n - 5 = 0, 0 = -g - 2*n - 1 - 4. Suppose 3*a + 5*l = 104, 2*a - 2*l = -g*l + o. Is a a prime number?
False
Let s(v) = 25*v**2 + 2*v + 3. Let a be s(-5). Let u = 919 - a. Is u a prime number?
False
Suppose 74 = 3*x - 2*x. Is x a composite number?
True
Suppose 3*d - d - 6 = 0. Suppose -4*z = y + 2*y + 14, -4*y - 21 = d*z. Let i(w) = -w - 4. Is i(y) prime?
True
Let u = 7155 + -5104. Is u a composite number?
True
Let j(b) = -b**3 + b**2 + 5*b - 4. Let d be j(3). Let u = d - -10. Suppose -u*n = 2*n - 165. Is n a prime number?
False
Let s be (-3)/(-5)*(5 - 0). Let l = 7 - s. Suppose l*i - 4*r - 232 = 0, 2*i + 4*r - 122 = -0*i. Is i prime?
True
Let z(g) = -g**2 - 3*g + 2. Let j(i) = -i + 1. Let u(b) = j(b) - z(b). Is u(-6) a prime number?
True
Is 34*(21/(-14))/((-6)/586) prime?
False
Let w be -7*(2 - (-32)/(-14)). Let m = w + 4. Is ((-28)/m)/((-1)/3) prime?
False
Suppose 4*q + 8 = -4. Let y be -2 - -3*(-2 - q). Is 12 + -2 + y + 2 prime?
True
Let y be 185 + (-2 - -3 - 1). Suppose 0 = 6*d - d - y. Is d a composite number?
False
Suppose 2*v + 2*v + 3*j - 1355 = 0, -4*j + 355 = v. Is v a composite number?
True
Let k be 4/22 + 14730/55. Let l = -175 + k. Is l composite?
True
Suppose 0 = 5*x + 4*b, 2*b = -x + 3*b. Suppose -5*d + x*d = 435. Let z = -50 - d. Is z a prime number?
True
Suppose -871 = -3*r - 118. Is r prime?
True
Let u = 3 - -1. Suppose 0 = 2*p - 2 - u. Suppose -2 = -h - 2*m, 5*h + 2*m - 12 = p*h. Is h a prime number?
False
Let r(a) = -5*a**2 - 3 - a + 3*a + 4*a**2. Let h be r(2). Let s = 16 + h. Is s a prime number?
True
Let f(c) = 119*c - 9. Is f(5) a composite number?
True
Suppose 234 - 20 = 4*t + 2*h, -4*h - 232 = -4*t. Is t a prime number?
False
Suppose 3*u - 4*o - 193 = 0, -5*u - o + 283 = 2*o. Is u prime?
True
Let q be (1 - -5)*2/4. Suppose 6 = q*u, 171 = 3*o - 2*o + 5*u. Is o a prime number?
False
Is (-12)/(-27) + (-13325)/(-9) a composite number?
False
Let l(v) = -2*v + 5981. Is l(0) a prime number?
True
Suppose 5*s - a = 1103, s + 3*a - 2*a - 223 = 0. Is s composite?
True
Let o = -6 - -16. Suppose -u + 6*u + o = 0. Is 472/10 - u/(-10) composite?
False
Suppose t + 17 = -2*f, -5*f - 39 = -3*t + 5*t. Is 2/t + (-1548)/(-28) composite?
True
Let g = -1 + 9. Suppose 0 = 3*b - 15, -g = 2*r + 4*b - 108. Suppose 6*n - 43 = n + 3*q, -r = -4*n + q. Is n prime?
True
Let h = 283 - 22. Let m = h + -117. Let a = -61 + m. Is a prime?
True
Let u = -739 + 462. Let d = -198 - u. Is d prime?
True
Let y = 4 - 3. Let h(q) = 8*q**2 - y + 2*q - 1 + 3. Is h(2) a prime number?
True
Let n(f) be the third derivative of 0*f - 3*f**2 + 1/6*f**4 - 5/3*f**3 + 0. Is n(8) a prime number?
False
Let x be (1/(-2))/(6/72). Is 4/x - (-69)/9 a composite number?
False
Let t = -24 + -3. Let q be ((-1 + -3)/4 - -2) + -121. Let r = t - q. Is r composite?
True
Let k(w) = -3*w + 51. Let m(a) = -10*a + 152. Let l(j) = 7*k(j) - 2*m(j). Is l(0) a composite number?
False
Suppose -2*z + 548 = 2*z - 4*g, z + 3*g = 145. Is z composite?
False
Is (-1)/2 - 92393/(-14) a composite number?
False
Let n = 223 + 211. Suppose a - h - 197 = -4*h, -2*a + n = -4*h. Is a prime?
False
Suppose 2*c - 1 = 5. Is c a prime number?
True
Let t be 1/(2/108) - -1. Suppose -d + 240 = -t. Is d prime?
False
Suppose -381 = -5*v + 4*i, 2*v + 305 = 6*v - 3*i. Is v a composite number?
True
Suppose 2*s - 3*s + 26 = r, -90 = -4*s + 3*r. Let n = s - 11. Suppose -3*f + 90 = 2*f - u, -5*u - n = -2*f. Is f prime?
True
Suppose -3*w + w - 14 = 0. Let b = 10 + w. Let u = 25 - b. Is u prime?
False
Suppose -103 = -4*f + 5*c, 6 = -0*c - 2*c. Let r = 41 - f. Is r prime?
True
Let t(x) = -x**2 + 9*x - 5. Let s be t(8). Suppose 0 = 2*q + 5*i - 7 - 8, -i = -s. Is (1 - q)*(2 - -35) a prime number?
True
Let s(i) = 20*i + 11. Let x(c) = c**2 + 4*c - 16. Let l be x(-7). Is s(l) a composite number?
True
Let s(m) = -m**3 + 5*m + 3 - m - 3*m**2 + 3*m**2 - m**2. Suppose -3*y + 3*k = 0, -3*y + 2*k + 20 = -6*y. Is s(y) a composite number?
True
Let d(x) = 7*x + 1. Let p be d(1). Let s = p + -2. Suppose -2*k - 2*r = -22, -3*k + s*k - 4*r - 26 = 0. Is k composite?
True
Let p(c) = 6*c**3 + 4*c - 3. Let h = -4 + 9. Suppose -3*k + h = -1. Is p(k) composite?
False
Is (5 - 22/4)*506/(-1) composite?
True
Suppose -4*u = 2*r - 4126, -2*u + 0*u + 4116 = 2*r. Is r prime?
True
Let r(n) be the second derivative of 0*n**3 + 0 - 2*n + 9/2*n**2 - 1/12*n**4. Is r(0) prime?
False
Let f = 866 + -520. Is f prime?
False
Let t(p) = -p**3 - 7*p**2 + 2*p - 3. Let a be t(-6). Is 3/(-18)*4*a prime?
False
Let u = -167 + 1038. Is u prime?
False
Suppose -5*w + 6 + 14 = 0. Is -2*1/(w/(-170)) composite?
True
Is 79*(-3 + 6 - 2) prime?
True
Let k = -4 + 4. Let l(p) = -p**2 - p - 7. Let z be l(k). Let j(x) = -4*x + 6. Is j(z) composite?
True
Suppose 0 = -4*k + 181 + 43. Suppose 3*f = 4*h - 52, 0*h + 4*h - 4*f - k = 0. Is h composite?
True
Let c = -368 + 1009. Is c a prime number?
True
Suppose 7*g - 3*g = 940. Suppose 146 = 3*l - g. Is l a prime number?
True
Suppose 6*t + 12 = 2*t. Let n = -9 - t. Let l(s) = -s**3 - 6*s**2 - s - 4. Is l(n) a prime number?
True
Suppose -2*p + 1481 = -3525. Is p composite?
False
Suppose -5*g + 2405 = -0*g. Is g prime?
False
Suppose -3*s + 2 = -2*s - 2*w, s - 5*w + 1 = 0. Suppose 0 = -a - g + 6, -4*a = -2*g + g - s. Suppose -2*k + 60 = -a. Is k composite?
False
Let j(z) = 5*z**2 + 3. Let p = -3 - -9. Let x be j(p). Suppose 0*r - 184 = -5*t + r, 0 = 5*t - 2*r - x. Is t a prime number?
True
Let n(u) = -1268*u - 2. Let d be n(4). Let q = d - -3421. Is (-6)/(-21) + q/(-21) a prime number?
True
Let v = -6713 + 15598. Is v a composite number?
True
Suppose 0 = 4*d - 0*d - 4*h - 1956, 0 = 2*d - 3*h - 976. Is d a composite number?
False
Suppose -9*z = 5558 - 31361. Is z a prime number?
False
Let q(d) = d**2 + 9*d + 12. Let o be q(-13). Is 8/(-20) - o/(-10) a composite number?
True
Let b = -12 - -19. Let p = 7 + -5. Is (17 + 5)/(p/b) a prime number?
False
Let f(l) = -32*l**3 + l**2 + l - 5. Let b(v) = -59*v**3 - 11 - 6*v**3 + 2*v**2 + v + 0*v. Let k(h) = 2*b(h) - 5*f(h). Is k(2) prime?
True
Is (-3)/(-3*4/1052) composite?
False
Suppose 5*l - 20 = 0, -5*x - 2*l = -0*x + 3847. Let c = x - -1114. Let f = c - 198. Is f a prime number?
False
Let a be 4/(-8) + 1/2. Suppose a*i + 4 = 2*i. Suppose -2*p - u = -111, -4*p + 217 = -i*u - u. Is p a prime number?
False
Let c(h) = 8*h**2 - 4 + 1 + 2*h + 2*h. Is c(2) a composite number?
False
Suppose 0 = c + 2*c - 114. Suppose n - j = 54, 0 = 4*n + 3*j - 164 - c. Let l = n + 22. Is l composite?
True
Suppose -3*z = -3*d - d - 1, 4*d = 5*z + 1. Let w = 21 - d. Is w prime?
False
Let i = 0 - 2. Is (0/1 - i) + 329 a composite number?
False
Suppose -2*r = 4*i - 1733 - 3715, 0 = -4*i - 4*r + 5444. Is i composite?
True
Let j(v) = -4*v**2 - 4*v - 4 - 2*v**3 + 4 - 1. Is j(-4) a prime number?
True
Suppose -3*l + 5*b = -11 - 10, 3 = -3*l - 3*b. Suppose -3*g + 15 = 0, 3*d - 6 = -g + l. Is 8 + d*(-3 + 2) a composite number?
False
Let u = 3009 - 1498. Is u prime?
True
Let h = 9 - 9. Suppose -2*v + h*v = -50. Is v a prime number?
False
Let d(z) = -2*z**3 - 6*z**2 + 7*z + 5. Let i be d(-5). Suppose -g + 326 = 5*x, 0 = -x - 4*g - g + i. Is x a composite number?
True
Suppose w + 3*i - 1